r when 61 is divided by h?
19
Suppose v - m - 8 = -4*m, 5*m - 18 = -2*v. Let c = v - 10. What is the remainder when ((-2)/(-6))/((-3)/(-99)) is divided by c?
3
Suppose 0 = -g - 12*g + 65. Suppose u + 0 = 3*v - 9, 0 = -2*v + 2*u + 10. What is the remainder when g is divided by v?
1
Let n(k) = -8*k. Let x(i) = i**3 + i**2 + 15. Let f be x(0). Suppose m + f = 6*m. Calculate the remainder when n(-1) is divided by m.
2
Suppose -49 = -5*x + 51. Calculate the remainder when 71 is divided by x.
11
Suppose -3*c + 21 = -0*c. What is the remainder when 47 is divided by c?
5
Let u(t) = t**3 - 10*t**2 + 4*t - 8. What is the remainder when 95 is divided by u(10)?
31
Let m = 113 - 97. Let c = -73 + 103. Calculate the remainder when c is divided by m.
14
Let t = -13 + 4. Let r = -8 - t. What is the remainder when 2 is divided by r?
0
Suppose -57 = -2*p + 1. Let t = p + -13. Let m = 31 + 0. Calculate the remainder when m is divided by t.
15
Let y = 93 - 69. What is the remainder when 63 is divided by y?
15
Let o(s) = -14*s**3 + s**2 - 1. What is the remainder when o(-1) is divided by 5?
4
Suppose -2*z = 2*z, y - 1 = z. Let q = -5 - y. Let h(i) = -i**3 - 5*i**2 + 5*i + 5. What is the remainder when h(q) is divided by 6?
5
Let k = -43 - -74. Suppose z = -5*d + d + 15, -5*z + 54 = -d. Calculate the remainder when k is divided by z.
9
Let f(d) = -d**2 - 12*d + 12. Calculate the remainder when f(-7) is divided by 8.
7
Calculate the remainder when 102 + 0/(0 + -2) is divided by 26.
24
Let t(c) = c**2 + 5*c + 7. Let r be (3 - 2)/(1/2). Suppose -r*v + 20 = 2*v. What is the remainder when t(-6) is divided by v?
3
Let t = -2 + 7. Calculate the remainder when 12 is divided by t.
2
Suppose -2*y - 3*y + 125 = 0. What is the remainder when y is divided by 9?
7
Suppose -3*l - 13 = -4*l. Suppose 0 = -r - 4*r + 570. Suppose -3*v = -0*v - r. Calculate the remainder when v is divided by l.
12
Suppose -4*k - 2*b + 12 = 0, -4*k + 4*b - 3 + 15 = 0. What is the remainder when 3 is divided by k?
0
Calculate the remainder when (-780)/(-14) - (-4)/14 is divided by (39/(-6) - 3)*-2.
18
Suppose 7*w - 16 = 3*w. Calculate the remainder when 78 is divided by w.
2
Let l = 14 + -22. Calculate the remainder when 46/(-6)*(5 - 8) is divided by (-23)/(-4) - 2/l.
5
Let u(o) = 2*o**2 + 2*o + 4. Calculate the remainder when u(3) is divided by 15.
13
Let k = -22 - -36. Calculate the remainder when k is divided by 6.
2
Let x(t) = -t**2 - 6*t + 49. What is the remainder when 10 is divided by x(-10)?
1
Let z be 54/2 + 1*-1. Let c = z + -11. What is the remainder when c is divided by 9?
6
Calculate the remainder when (16/3)/((-3)/(-18)) is divided by 6.
2
Let u(q) = -q**2 - 7*q - 5. Let x be u(-5). Suppose -x = -0*v - v. Let t(r) = -5*r - 18. Calculate the remainder when v is divided by t(-4).
1
What is the remainder when 20 is divided by (9/(-6))/((-12)/32)?
0
Suppose -2*o - 10 = -2*t, 5*o + 14 = 3*t - 3. Let h = t - -23. Calculate the remainder when h is divided by 7.
6
What is the remainder when 11 is divided by 4/2*2*3/3?
3
Suppose 0 = 2*s - 4*x - 40, 3*s + s - 71 = -x. Suppose -3*p - s = -5*p. Let l = 3 + p. What is the remainder when 33 is divided by l?
9
Suppose -2*h = d - 17, 2*h + 0*h = 5*d - 73. What is the remainder when 58 is divided by d?
13
Suppose 0*o - 3*o - 5*j = -73, -o + j = -35. Calculate the remainder when o is divided by ((-2)/(-1))/((-2)/(-8)).
7
Let p(r) = -r**3 - 4*r**2 - 2. Let h be p(-4). Let y(x) = 9*x**2 + 2*x - 1. What is the remainder when y(h) is divided by 16?
15
Let k = 81 - 25. What is the remainder when 333 is divided by k?
53
Let m = 11 + -10. Suppose m + 31 = 2*a. Calculate the remainder when a is divided by 10.
6
Let d = 79 - 18. Let h(g) = 4*g - 11. Let b be h(-8). Let f = -27 - b. What is the remainder when d is divided by f?
13
What is the remainder when 25 is divided by ((-2)/4)/((-8)/112)?
4
Let r be (3 - -6)*2/6. Let k = 0 + r. What is the remainder when 1 + (5 - 2)/k is divided by 1?
0
Let u(i) = -1 + 9*i + 3 + 10*i**2 + i**3 - 1. Let w be u(-9). Calculate the remainder when 50 is divided by -51*(w - (-8)/(-6)).
16
Let j(w) = w**3 - 10*w**2 + 18*w - 15. Calculate the remainder when j(10) is divided by 28.
25
Let b = -46 - -51. Calculate the remainder when (-14)/(1 + (-2)/1) is divided by b.
4
Let u(p) = 1 + 0*p + 2*p + 3*p. Calculate the remainder when (-2)/(-7) - 215/(-7) is divided by u(2).
9
Let g = 29 - 20. What is the remainder when 32 is divided by g?
5
Let t be 7/28 - (-39)/4. Suppose 0*m + t = 2*m. Calculate the remainder when m is divided by 2.
1
Let r(i) = -5*i - 5. What is the remainder when r(-2) is divided by 3?
2
Suppose 3*i - 10 = -g, 0 = -2*g + 3*i + 21 - 1. Let l = 39 + -20. What is the remainder when l is divided by g?
9
Let w(x) = -12*x - 23. Calculate the remainder when w(-5) is divided by 13.
11
Let o(v) = -v**2 - 8*v - 2. Suppose 26 = -p + 5*b, -4*b = -3*p + 2*p - 22. Calculate the remainder when 18 is divided by o(p).
8
Suppose 3*g = 3*z - 5*z + 90, 35 = g - z. Let i = -8 + 19. Calculate the remainder when g is divided by i.
10
Suppose f + 5 + 1 = 0. Let y be (-1 - f - 1) + 0. Suppose 0 = s + c - 2*c - y, -2*s - c + 20 = 0. What is the remainder when s is divided by 3?
2
Let o(g) = -g**3 + 11*g**2 + 18*g - 7. What is the remainder when o(12) is divided by 17?
14
Let v = -5 + 8. Suppose -2*c + 4*f + 52 = 0, v*c - 2*f = -7*f + 45. Calculate the remainder when 4/(-6) + (-595)/(-15) is divided by c.
19
Let v(l) = 2*l**3 - 2*l**2 - l. Suppose 5*c - 3*c = 4. Let b(x) = -x - 9. What is the remainder when v(c) is divided by b(-13)?
2
Let a = -17 - -30. Suppose -156 - 29 = -5*h. What is the remainder when h is divided by a?
11
Let t(y) = -10 - 9*y**2 + y**3 - 8*y + 5*y - 6*y. Let a be t(10). Let m = a - -4. What is the remainder when m is divided by 3?
1
Suppose -5*q = -5*o - 280, -o + 110 - 282 = -3*q. Calculate the remainder when q is divided by 22.
14
Suppose -4*m + 42 + 2 = 0. Let u = 23 - 16. Let h = m - u. What is the remainder when h is divided by 2?
0
Suppose -2*c + 7 = -5*s - 34, 0 = c + 2*s + 2. What is the remainder when c is divided by 0/(-2) - (0 + -6)?
2
Let n = -10 - -20. Let y = 29 + -44. Let k = n - y. What is the remainder when k is divided by 9?
7
Let o = 10 - 5. Let d = 16 + -3. Calculate the remainder when d is divided by o.
3
Let j(k) = k - 1. Let y be j(3). Let c be (-1)/(18/10 - y). What is the remainder when 5/(-2)*(-18)/c is divided by 6?
3
Suppose 3 = -s + 3*z - 1, -4*s = 5*z - 18. Suppose -w + 4*w = 12. What is the remainder when 6*2/w*1 is divided by s?
1
Let j(g) = -2*g**3 + 15*g**2 - 5*g - 6. What is the remainder when 19 is divided by j(7)?
3
Suppose -36 = d - 52. Calculate the remainder when 63 is divided by d.
15
Let l = 0 - -5. Suppose 144 + 41 = l*n. What is the remainder when n is divided by (0 - 1)*(1 + -14)?
11
Suppose -2*p = -21 - 15. Suppose 4*h + 14 = -p. What is the remainder when 14 is divided by 1/(-4) - 42/h?
4
Let l(n) = n + 3. Let r be l(5). Let s = 13 - r. What is the remainder when 18 is divided by s?
3
Suppose 0*j - 1 = 4*j + 3*m, 0 = 5*j - 2*m - 16. Suppose t + 23 = j*t. Calculate the remainder when 68 is divided by t.
22
Let o = 163 - 113. What is the remainder when o is divided by 17?
16
Suppose -167 = -5*i - 2*f, 4*i - 187 = -i + 3*f. Calculate the remainder when i is divided by 12.
11
Calculate the remainder when (-741)/(-26) - 2/(5 + -1) is divided by 8.
4
Let y(l) = l + 41. What is the remainder when 85 is divided by y(-19)?
19
Suppose 8*h = 6*h + 50. What is the remainder when h is divided by 7?
4
Suppose 0 = 4*s - 2*b + 86, -3*s = -4*s - b - 26. Let k = -16 - s. Calculate the remainder when 20 is divided by k.
6
Let s(i) = i**2 - i + 6. Suppose 2*d = 7*d. What is the remainder when 17 is divided by s(d)?
5
Let x be 9/2*8/12. Suppose -3*g + 0 = -x. Calculate the remainder when 2 is divided by g.
0
Suppose -3*v + 101 = 5*k - 35, -4*k = 2*v - 88. Calculate the remainder when v is divided by 18.
16
Let k(j) = -j**3 + 15*j**2 + 7. Calculate the remainder when 10 is divided by k(15).
3
Suppose 5*l - 3*r - 119 = 0, 7*l = 3*l + 3*r + 94. Let m = 30 - 17. What is the remainder when l is divided by m?
12
Suppose -t - 3*t + 16 = 0. Suppose 2*f = t*f - 44. Calculate the remainder when 42 is di